{"id":17,"date":"2014-11-09T15:30:09","date_gmt":"2014-11-09T15:30:09","guid":{"rendered":"http:\/\/livsbalans.se\/wordpress\/?page_id=17"},"modified":"2015-11-11T12:10:52","modified_gmt":"2015-11-11T11:10:52","slug":"om-maria","status":"publish","type":"page","link":"http:\/\/livsbalans.se\/wordpress\/om-maria\/","title":{"rendered":"Om Maria"},"content":{"rendered":"<p><a href=\"http:\/\/livsbalans.se\/wordpress\/wp-content\/uploads\/2015\/10\/155-11-Maria-Sundin-portr\u00e4tt.jpg\"><img loading=\"lazy\" decoding=\"async\" class=\"size-thumbnail wp-image-350\" src=\"http:\/\/livsbalans.se\/wordpress\/wp-content\/uploads\/2015\/10\/155-11-Maria-Sundin-portr\u00e4tt-150x150.jpg\" alt=\"SONY DSC\" width=\"150\" height=\"150\" \/><\/a><\/p>\n<p>Jag brinner f\u00f6r utveckling!<\/p>\n<p>Tillsammans hittar vi v\u00e4gar d\u00e4r du tar dig vidare mot nya sp\u00e4nnande m\u00e5l. Vardagsstress och gamla vanor f\u00e5r du hj\u00e4lp att hantera. Jag \u00e4lskar att arbeta med sammanhang och att utveckla bra till b\u00e4ttre. Har stor vana att arbeta med ungdomar sedan m\u00e5nga \u00e5r tillbaka.<\/p>\n<p>Utveckling av m\u00e4nniskor, verksamheter och f\u00f6reningar har varit min drivkraft i m\u00e5nga \u00e5r.\u00a0Sedan 1991 har jag jobbat som egen f\u00f6retagare i h\u00e4stn\u00e4ringen.<\/p>\n<p>Nu \u00e4r jag utbildad ICF Coach samt under utbildning till lic. mental tr\u00e4nare. L\u00e4s mer om\u00a0<a href=\"http:\/\/livsbalans.se\/wordpress\/vara-erbjudanden\/coaching-och-mental-traning\/\">Coaching<\/a><\/p>\n<p>Jag bedriver min verksamhet med utg\u00e5ngspunkt fr\u00e5n Helsingborg i Sk\u00e5ne. Kontakta mig f\u00f6r att ta reda p\u00e5 hur vi kan arbeta tillsammans!<\/p>\n<p>Maria Sundin<\/p>\n<p>Kontakt: \u00a0<a href=\"mailto:maria@livsbalans.se\">maria@livsbalans.se<\/a>\u00a0\u00a0eller \u00a0070-432 29 08<\/p>\n<p>&nbsp;<\/p>\n ","protected":false},"excerpt":{"rendered":"<p>Jag brinner f\u00f6r utveckling! Tillsammans hittar vi v\u00e4gar d\u00e4r du tar dig vidare mot nya sp\u00e4nnande m\u00e5l. Vardagsstress och gamla vanor f\u00e5r du hj\u00e4lp att hantera. Jag \u00e4lskar att arbeta med sammanhang och att utveckla bra till b\u00e4ttre. Har stor vana att arbeta med ungdomar sedan m\u00e5nga \u00e5r tillbaka. Utveckling \u2026 <a class=\"continue-reading-link\" href=\"http:\/\/livsbalans.se\/wordpress\/om-maria\/\">L\u00e4s mer <span class=\"meta-nav\">&rarr; <\/span><\/a><\/p>\n","protected":false},"author":1,"featured_media":23,"parent":0,"menu_order":0,"comment_status":"closed","ping_status":"closed","template":"","meta":{"jetpack_post_was_ever_published":false,"footnotes":""},"class_list":["post-17","page","type-page","status-publish","has-post-thumbnail","hentry"],"jetpack_sharing_enabled":true,"jetpack_shortlink":"https:\/\/wp.me\/P5jRyi-h","_links":{"self":[{"href":"http:\/\/livsbalans.se\/wordpress\/wp-json\/wp\/v2\/pages\/17","targetHints":{"allow":["GET"]}}],"collection":[{"href":"http:\/\/livsbalans.se\/wordpress\/wp-json\/wp\/v2\/pages"}],"about":[{"href":"http:\/\/livsbalans.se\/wordpress\/wp-json\/wp\/v2\/types\/page"}],"author":[{"embeddable":true,"href":"http:\/\/livsbalans.se\/wordpress\/wp-json\/wp\/v2\/users\/1"}],"replies":[{"embeddable":true,"href":"http:\/\/livsbalans.se\/wordpress\/wp-json\/wp\/v2\/comments?post=17"}],"version-history":[{"count":12,"href":"http:\/\/livsbalans.se\/wordpress\/wp-json\/wp\/v2\/pages\/17\/revisions"}],"predecessor-version":[{"id":397,"href":"http:\/\/livsbalans.se\/wordpress\/wp-json\/wp\/v2\/pages\/17\/revisions\/397"}],"wp:featuredmedia":[{"embeddable":true,"href":"http:\/\/livsbalans.se\/wordpress\/wp-json\/wp\/v2\/media\/23"}],"wp:attachment":[{"href":"http:\/\/livsbalans.se\/wordpress\/wp-json\/wp\/v2\/media?parent=17"}],"curies":[{"name":"wp","href":"https:\/\/api.w.org\/{rel}","templated":true}]}}

<p><a href="http://livsbalans.se/wordpress/wp-content/uploads/2015/10/155-11-Maria-Sundin-porträtt.jpg"><img loading="lazy" decoding="async" class="size-thumbnail wp-image-350" src="http://livsbalans.se/wordpress/wp-content/uploads/2015/10/155-11-Maria-Sundin-porträtt-150x150.jpg" alt="SONY DSC" width="150" height="150" /></a></p>
<p>Jag brinner för utveckling!</p>
<p>Tillsammans hittar vi vägar där du tar dig vidare mot nya spännande mål. Vardagsstress och gamla vanor får du hjälp att hantera. Jag älskar att arbeta med sammanhang och att utveckla bra till bättre. Har stor vana att arbeta med ungdomar sedan många år tillbaka.</p>
<p>Utveckling av människor, verksamheter och föreningar har varit min drivkraft i många år. Sedan 1991 har jag jobbat som egen företagare i hästnäringen.</p>
<p>Nu är jag utbildad ICF Coach samt under utbildning till lic. mental tränare. Läs mer om <a href="http://livsbalans.se/wordpress/vara-erbjudanden/coaching-och-mental-traning/">Coaching</a></p>
<p>Jag bedriver min verksamhet med utgångspunkt från Helsingborg i Skåne. Kontakta mig för att ta reda på hur vi kan arbeta tillsammans!</p>
<p>Maria Sundin</p>
<p>Kontakt:  <a href="mailto:maria@livsbalans.se">maria@livsbalans.se</a>  eller  070-432 29 08</p>
<p>&nbsp;</p>

<p>Jag brinner för utveckling! Tillsammans hittar vi vägar där du tar dig vidare mot nya spännande mål. Vardagsstress och gamla vanor får du hjälp att hantera. Jag älskar att arbeta med sammanhang och att utveckla bra till bättre. Har stor vana att arbeta med ungdomar sedan många år tillbaka. Utveckling … <a class="continue-reading-link" href="http://livsbalans.se/wordpress/om-maria/">Läs mer <span class="meta-nav">&rarr; </span></a></p>
