{"id":186,"date":"2015-04-26T15:34:30","date_gmt":"2015-04-26T15:34:30","guid":{"rendered":"http:\/\/livsbalans.se\/wordpress\/?page_id=186"},"modified":"2015-10-21T12:58:37","modified_gmt":"2015-10-21T10:58:37","slug":"strategisk-halsoutveckling","status":"publish","type":"page","link":"http:\/\/livsbalans.se\/wordpress\/strategisk-halsoutveckling\/","title":{"rendered":"Strategisk h\u00e4lsoutveckling"},"content":{"rendered":"<p>Ett framtidens f\u00f6retag representerar en organisation med kreativa, kompetenta och motiverade m\u00e4nniskor. Ett f\u00f6retag som tar tillvara p\u00e5 individen och dess f\u00e4rdigheter och ser till att trivseln st\u00e5r i fokus. Genom att st\u00e4rka det friska och se till helheten p\u00e5 arbetsplatsen \u2013 fr\u00e5n organisationsniv\u00e5 till individniv\u00e5 \u2013 st\u00e4rks hela f\u00f6retaget. M\u00e5let \u00e4r att f\u00e5 ett v\u00e4lm\u00e5ende f\u00f6retag, d\u00e4r bland annat h\u00e4lsopolicys genomsyrar all verksamhet. Linda har flera \u00e5rs erfarenhet av Strategisk h\u00e4lsoutveckling av arbetsplatser. Bland annat coachade hon Sveriges Friskaste f\u00f6retag 2001, \u00a0Plast Ab Orion i Anderstorp.<\/p>\n<p>Den attraktiva arbetsplatsen<br \/>\n&#8211; ser medarbetaren som f\u00f6retagets viktigaste resurs<br \/>\n&#8211; arbetar strategiskt med personalfr\u00e5gor<br \/>\n&#8211; ger m\u00f6jlighet till personlig utveckling<br \/>\n&#8211; skapar f\u00f6ruts\u00e4ttningar f\u00f6r att medarbetarna ska m\u00e5 bra<\/p>\n<p>Medarbetaren p\u00e5 den attraktiva arbetsplatsen<br \/>\n&#8211; \u00e4r v\u00e4lm\u00e5ende<br \/>\n&#8211; trivs<br \/>\n&#8211; tar hand som sin h\u00e4lsa<br \/>\n&#8211; k\u00e4nner att arbetsuppgifterna \u00e4r meningsfulla<\/p>\n<p>Exempel p\u00e5 Strategisk h\u00e4lsoutveckling:<br \/>\nDokumentation och framtagande av h\u00e4lsopolicys som genomsyrar hela verksamheten.<br \/>\nUtbildningar som exempelvis H\u00e4lsofr\u00e4mjande ledare och H\u00e4lsoinspirat\u00f6rer<br \/>\nF\u00f6rel\u00e4sningar<br \/>\nKom-ig\u00e5ng-grupper inom olika omr\u00e5den<br \/>\nHappenings<br \/>\nN\u00e4tverkande<\/p>\n ","protected":false},"excerpt":{"rendered":"<p>Ett framtidens f\u00f6retag representerar en organisation med kreativa, kompetenta och motiverade m\u00e4nniskor. Ett f\u00f6retag som tar tillvara p\u00e5 individen och dess f\u00e4rdigheter och ser till att trivseln st\u00e5r i fokus. Genom att st\u00e4rka det friska och se till helheten p\u00e5 arbetsplatsen \u2013 fr\u00e5n organisationsniv\u00e5 till individniv\u00e5 \u2013 st\u00e4rks hela f\u00f6retaget. \u2026 <a class=\"continue-reading-link\" href=\"http:\/\/livsbalans.se\/wordpress\/strategisk-halsoutveckling\/\">L\u00e4s mer <span class=\"meta-nav\">&rarr; <\/span><\/a><\/p>\n","protected":false},"author":1,"featured_media":188,"parent":0,"menu_order":0,"comment_status":"closed","ping_status":"closed","template":"","meta":{"jetpack_post_was_ever_published":false,"footnotes":""},"class_list":["post-186","page","type-page","status-publish","has-post-thumbnail","hentry"],"jetpack_sharing_enabled":true,"jetpack_shortlink":"https:\/\/wp.me\/P5jRyi-30","_links":{"self":[{"href":"http:\/\/livsbalans.se\/wordpress\/wp-json\/wp\/v2\/pages\/186","targetHints":{"allow":["GET"]}}],"collection":[{"href":"http:\/\/livsbalans.se\/wordpress\/wp-json\/wp\/v2\/pages"}],"about":[{"href":"http:\/\/livsbalans.se\/wordpress\/wp-json\/wp\/v2\/types\/page"}],"author":[{"embeddable":true,"href":"http:\/\/livsbalans.se\/wordpress\/wp-json\/wp\/v2\/users\/1"}],"replies":[{"embeddable":true,"href":"http:\/\/livsbalans.se\/wordpress\/wp-json\/wp\/v2\/comments?post=186"}],"version-history":[{"count":10,"href":"http:\/\/livsbalans.se\/wordpress\/wp-json\/wp\/v2\/pages\/186\/revisions"}],"predecessor-version":[{"id":347,"href":"http:\/\/livsbalans.se\/wordpress\/wp-json\/wp\/v2\/pages\/186\/revisions\/347"}],"wp:featuredmedia":[{"embeddable":true,"href":"http:\/\/livsbalans.se\/wordpress\/wp-json\/wp\/v2\/media\/188"}],"wp:attachment":[{"href":"http:\/\/livsbalans.se\/wordpress\/wp-json\/wp\/v2\/media?parent=186"}],"curies":[{"name":"wp","href":"https:\/\/api.w.org\/{rel}","templated":true}]}}

Strategisk hälsoutveckling

<p>Ett framtidens företag representerar en organisation med kreativa, kompetenta och motiverade människor. Ett företag som tar tillvara på individen och dess färdigheter och ser till att trivseln står i fokus. Genom att stärka det friska och se till helheten på arbetsplatsen – från organisationsnivå till individnivå – stärks hela företaget. Målet är att få ett välmående företag, där bland annat hälsopolicys genomsyrar all verksamhet. Linda har flera års erfarenhet av Strategisk hälsoutveckling av arbetsplatser. Bland annat coachade hon Sveriges Friskaste företag 2001,  Plast Ab Orion i Anderstorp.</p>
<p>Den attraktiva arbetsplatsen<br />
&#8211; ser medarbetaren som företagets viktigaste resurs<br />
&#8211; arbetar strategiskt med personalfrågor<br />
&#8211; ger möjlighet till personlig utveckling<br />
&#8211; skapar förutsättningar för att medarbetarna ska må bra</p>
<p>Medarbetaren på den attraktiva arbetsplatsen<br />
&#8211; är välmående<br />
&#8211; trivs<br />
&#8211; tar hand som sin hälsa<br />
&#8211; känner att arbetsuppgifterna är meningsfulla</p>
<p>Exempel på Strategisk hälsoutveckling:<br />
Dokumentation och framtagande av hälsopolicys som genomsyrar hela verksamheten.<br />
Utbildningar som exempelvis Hälsofrämjande ledare och Hälsoinspiratörer<br />
Föreläsningar<br />
Kom-igång-grupper inom olika områden<br />
Happenings<br />
Nätverkande</p>

<p>Ett framtidens företag representerar en organisation med kreativa, kompetenta och motiverade människor. Ett företag som tar tillvara på individen och dess färdigheter och ser till att trivseln står i fokus. Genom att stärka det friska och se till helheten på arbetsplatsen – från organisationsnivå till individnivå – stärks hela företaget. … <a class="continue-reading-link" href="http://livsbalans.se/wordpress/strategisk-halsoutveckling/">Läs mer <span class="meta-nav">&rarr; </span></a></p>
